3 = f, -4*f - 5*n = 1 + 1. Let u be o(f). Let m = -51 + u. Calculate the highest common factor of 10 and m.
10
Let j = 106 - 58. Suppose 5*x = 3*x + j. Calculate the greatest common divisor of x and 36.
12
Let x = -22 + 25. Let o be x - (1 - 2 - 4). Let j be 74/o - (-6)/(-24). What is the greatest common factor of 99 and j?
9
Suppose -1053 = -3*b + 3*p, b - 4*p + 1428 = 5*b. Calculate the highest common divisor of 12 and b.
6
Let m = 23 + 22. Suppose 69*i - 46*i - 92 = 0. Suppose i*g = -g + m. Calculate the highest common factor of 27 and g.
9
Let o be -4*(-19 - 4/(-1)). Suppose 3*s - 144 + o = 0. Calculate the greatest common divisor of 224 and s.
28
Suppose -59 = 3*j - 230. Suppose 5*x = j + 33. Suppose 2*l + 2*l = -2*n + 50, -3*n + 3*l + 84 = 0. Calculate the highest common factor of n and x.
9
Let k = 35 - 50. Let j be (6/9 + 2*-1)*k. Calculate the highest common divisor of 30 and j.
10
Let w = -9 + 14. Suppose w*i - 256 - 309 = 0. Suppose -h = 23 - i. Calculate the highest common divisor of h and 36.
18
Let n = -298 - -317. Calculate the highest common factor of n and 19.
19
Suppose 4*q + 18 + 112 = 2*t, 0 = t + q - 80. What is the greatest common divisor of 120 and t?
15
Let o = -75 + 138. What is the highest common factor of o and 105?
21
Suppose 4*k + 5*j = 165, -10*j + 13*j = 3*k - 144. Let i(m) = 8*m - 2. Let s be i(4). Calculate the greatest common divisor of s and k.
15
Let w(c) = -c**2 - 10*c - 1. Let b be w(-8). Let t = -120 - -285. Calculate the highest common factor of t and b.
15
Let a = 252 - 240. What is the greatest common divisor of 6 and a?
6
Let u be 0 - (2 + 0/4). Let f be (-52)/u + 8/(-2). Calculate the greatest common factor of f and 55.
11
Suppose 3 = -14*w + 13*w. Let f be 256/14 + -2*w/(-21). Calculate the highest common factor of f and 12.
6
Let p be 42 + (-4 - -1) - (-2 - -2). Let l = p - 35. Calculate the greatest common factor of l and 44.
4
Let d(k) = 2*k**3 + 4*k**2 - 6*k. Let j be d(2). Calculate the highest common divisor of j and 10.
10
Let h be (-1 - 1)*65/(-2). Suppose -5*p + 90 = 5*o - 0*o, -p - 3*o = -28. Calculate the highest common divisor of h and p.
13
Let g(q) = -2*q**3 - 48*q**2 - 53*q - 17. Let f be g(-23). Calculate the greatest common divisor of 60 and f.
12
Let b be (-4)/10 - (-12)/30. Let i be b + 53 + (-8)/(-2). Calculate the highest common factor of 38 and i.
19
Let x = -62 - -85. Calculate the highest common divisor of x and 299.
23
Suppose -c - 3*p - 11 = 40, -3*c = 5*p + 153. Let t = -43 - c. Calculate the highest common divisor of t and 1.
1
Let i = -3 + 3. Suppose i = -4*f + 413 + 231. Let m be 13 - (1 - -9 - 20). Calculate the greatest common divisor of m and f.
23
Suppose -4*w + 36 = -2*l, 0 = -4*w + 3*w + 2*l + 6. Suppose -4*j = w*j - 42. What is the greatest common divisor of 33 and j?
3
Let t = -86 - -105. What is the highest common factor of t and 209?
19
Suppose -3*b = v - 259, 8*v = -3*b + 9*v + 269. Calculate the highest common factor of b and 88.
88
Suppose -3*x - 4*x = -21. Suppose 8 = 2*n + 2*w - 14, 0 = x*n - 3*w - 51. What is the greatest common divisor of n and 126?
14
Let d be (286/39)/(((-3)/(-36))/1). What is the highest common factor of 66 and d?
22
Suppose -2*c + 109 = w - 0*w, 4 = 2*c. Let l = 108 + -24. Suppose -2*i + 4*j = -l, 5*j = -0*i + i - 42. Calculate the highest common factor of i and w.
21
Suppose -3*o + 1 + 3 = 4*h, -o - 17 = 5*h. Calculate the greatest common factor of o and 10.
2
Let h be (-4774)/(-28) + 1/(-2). What is the highest common factor of h and 30?
10
Let o(l) = l + 11. Let c be o(6). Let u be 4/(-6) + 1124/3. Suppose 2*q = 2*h - 7*h + u, 5*q + 2*h = 935. Calculate the greatest common factor of q and c.
17
Let p(z) = -11*z**2 + 4*z - 4. Let s(o) = -o. Let w(x) = -p(x) - 4*s(x). Let u be w(-2). What is the highest common factor of 80 and u?
16
Suppose 0 = 5*r + 3*y - 312, 4*r + 11*y - 16*y - 257 = 0. What is the highest common divisor of 423 and r?
9
Suppose -175 = 22*z - 3277. What is the greatest common divisor of 329 and z?
47
Let q = -1588 + 1593. What is the greatest common factor of q and 905?
5
Let i be (-29)/(2 + (-6)/4). Let w be (-42)/24*i*2. Suppose -5*b + w + 347 = 0. What is the greatest common factor of 10 and b?
10
Let r(u) = u**3 + 8*u**2 + 4*u + 11. Let a be r(-8). Let b be ((-24)/9 + 2)*a. Suppose 23 = 208*g - 205*g + 2. Calculate the greatest common factor of g and b.
7
Let i(l) = -l**2 + 5*l + 4. Let k(a) = 10*a - 6. Let t be k(1). Let q be i(t). Calculate the highest common factor of q and 8.
8
Suppose -2*b + 3*b - 216 = 0. Suppose 0*o - 2*o = -b. Let l(u) = u + 6. Let q be l(6). What is the highest common divisor of o and q?
12
Suppose -477 = 6*o + 1119. Let z be (o/21)/(1/(-3)). Suppose -3*u + z = c - 0*u, 3*c - u = 134. What is the greatest common divisor of c and 4?
4
Let m be 250/(-20)*(45/(-25) + 1). Calculate the greatest common divisor of 190 and m.
10
Let r = -195 - -49. Let b = r - -282. What is the greatest common factor of 17 and b?
17
Let m(b) = 14 - 7*b + 10*b - 4*b. Let f be m(7). Let q(t) = -t**3 - 2*t**2 + 2*t + 4. Let u be q(-3). Calculate the greatest common divisor of f and u.
7
Let j be (-64)/(-10) - 2/5. Let n(h) = 9*h + 12*h - 11*h. Let a be n(j). What is the greatest common factor of 12 and a?
12
Let l = 369 - 341. Calculate the greatest common factor of 308 and l.
28
Let u be (91/(-2))/(2/(-13 + -31)). Calculate the greatest common divisor of u and 77.
77
Let u(f) = -f**2 - 14*f - 25. Let i = -10 - 0. Let b be u(i). What is the greatest common factor of 6 and b?
3
Suppose 24*z - 22487 = -1751. Calculate the greatest common factor of z and 162.
54
Let f(p) = p - 17. Let j be f(19). Let k be (-105)/(-20) - j/8. What is the highest common divisor of k and 35?
5
Let i be ((-464)/(-48) - 7)/((-2)/(-12)). What is the greatest common divisor of i and 76?
4
Let q(b) = -2*b**2 - 26*b - 40. Let l be q(-10). Let y be 7*7 - (4 - 5). Calculate the highest common factor of l and y.
10
Let q be ((-340)/(-45))/((-4)/(-18)). Let y = 70 - q. What is the highest common divisor of 90 and y?
18
Suppose 3*t - 114 = 471. Suppose t = -18*s + 15*s. Let g = -39 - s. Calculate the highest common divisor of 13 and g.
13
Suppose 5*h + 1 = 6*h. Calculate the greatest common divisor of 22 and h.
1
Suppose 2*j - r - 4*r - 50 = 0, j = -r + 11. Let d(v) = -v**3 + 16*v**2 - 15*v + 16. Let c be d(j). What is the highest common divisor of 32 and c?
16
Suppose 5*c = 19 + 11. Suppose d + y = 21, -7*y = -4*d - 6*y + 99. What is the greatest common divisor of d and c?
6
Let d(n) = -208*n + 642. Let a be d(3). Let z = 31 - -113. Calculate the greatest common divisor of a and z.
18
Suppose -4*x + x + 114 = 0. Suppose 9*r + 142 = -209. Let c = 58 + r. Calculate the greatest common divisor of x and c.
19
Let p(c) = -16*c - 187. Let v be p(-12). Suppose 5*h - 7*h = -50. Calculate the highest common factor of h and v.
5
Suppose -9 = -8*b + 15. Suppose k - 22 = -b*w + 5, 4*w + 41 = k. What is the highest common divisor of 3 and k?
3
Suppose 0 = 2*l + 5*v - 17 - 31, -v - 2 = 0. Calculate the greatest common factor of 232 and l.
29
Let i = -58 + 11. Let o = i - -59. What is the greatest common divisor of o and 36?
12
Let c(b) = -b**3 - 13*b**2 + 6*b - 28. Let q be c(-14). What is the greatest common divisor of 24 and q?
12
Let l = 503 + -250. Calculate the highest common divisor of 11 and l.
11
Let y = 28 - 23. Suppose -2*p - 2*p - 4*o + 32 = 0, 3*o = y*p. Suppose -8*c = -3*c + 4*s - 556, p*c - 5*s = 304. What is the greatest common factor of 12 and c?
12
Let p(r) = 2*r**2 + 11*r + 31. Let w be p(-5). Calculate the greatest common divisor of 2 and w.
2
Let o = -156 + 160. Let z be (-9)/o + 2 - 516/(-16). What is the greatest common factor of z and 8?
8
Let f(w) = -w**2 + 8*w - 9. Let k be f(6). Let s = k - -1. Let q(r) = r**3 + r**2 - 5. Let i be q(s). Calculate the greatest common factor of 30 and i.
15
Suppose -3*j = 2*j - 100. Let t = -10 + j. Let s be 5*(-6)/(-15) - (-39)/3. Calculate the highest common factor of t and s.
5
Let c(k) be the second derivative of -k**4/12 + 7*k**3/3 - k**2/2 - 12*k. Let o be c(7). Calculate the highest common divisor of 6 and o.
6
Let v(h) = -15*h + 16. Let j be v(-5). Suppose -4*w - 6 = b - 65, 4*b = 3*w +